1). What is the remainder when 23 is divided by a(r)?
9
Let a = -44 - -48. What is the remainder when a is divided by 4?
0
Suppose -5*l - 4*r + 39 = 0, 4*r = -7*l + 4*l + 17. Let h = 25 + -18. Suppose -u + h = -24. Calculate the remainder when u is divided by l.
9
Let w = 4 + 0. Suppose 2*z + z = -b + 5, 36 = 4*b - w*z. Suppose 3*c + b - 44 = 0. What is the remainder when 35 is divided by c?
11
Suppose 5*b + a = 26, 4*b + 2*a = 7*a + 15. Suppose 4*u = 2*u - 6, h = -b*u - 1. What is the remainder when 26 is divided by h?
12
Let g(n) = n**3 - 8*n**2 + 6*n - 2. What is the remainder when 180 is divided by g(8)?
42
Suppose -5*z + 20 = i, 5*z - 11 - 9 = -5*i. Suppose 7*a = -z*r + 2*a + 237, -5*a + 290 = 5*r. Calculate the remainder when r is divided by 18.
17
Suppose a + 2*g - 14 = 0, -5*a + 64 - 14 = 5*g. Let l be (-2)/(-3) - (-56)/a. Suppose -4*j + l = -10. Calculate the remainder when j is divided by 3.
2
Suppose 3*k = -t + 5*k + 15, 5 = -5*k. Suppose 0 = -2*d + 2*c + 72, -2*c + 36 = -3*d + 4*d. What is the remainder when d is divided by t?
10
Let p(r) = 11*r**2 - 3*r + 5*r - 9 + 2 - r**3. Calculate the remainder when p(11) is divided by 8.
7
Calculate the remainder when (252/8 + 4)*2 is divided by 18.
17
Let g = 3 - 5. Let c(l) = 41*l + 4. Let i(k) = -20*k - 2. Let s(v) = 3*c(v) + 7*i(v). Calculate the remainder when s(g) is divided by 11.
10
Suppose 3*a - 42 - 3 = 0. What is the remainder when 29 is divided by a?
14
What is the remainder when (-6)/4 + (2597/14)/7 is divided by 13?
12
Let h(z) = -6*z**3 + z**2 - 3*z - 3. Let d(b) = -b**2 - 12*b - 13. Let f be d(-11). What is the remainder when h(f) is divided by 19/((-1)/(-1 + 0))?
17
Let m = -152 - -163. Let q = -7 + 14. Calculate the remainder when m is divided by q.
4
Let d(r) = r + 12. Let a be d(-7). Suppose a*n - 4*u = n + 36, 4*u + 27 = 3*n. Calculate the remainder when n is divided by 5.
4
Let o(l) = -46*l**3 + 1. What is the remainder when 133 is divided by o(-1)?
39
Let t be (3/(-9))/(1/3). Let j = t + 3. Suppose 0 = 4*n + 5*x - 92, 62 = 2*n + n + j*x. Calculate the remainder when n is divided by 10.
8
Suppose -m + 58 = 2*s, 5*m - 16 = -4*s + 112. What is the remainder when s is divided by 15?
12
What is the remainder when 121 is divided by 744/(-72)*-1*3?
28
Let s = -8 + 13. Let h(p) = 6*p - 4. Let k = 2 - -1. Calculate the remainder when h(k) is divided by s.
4
Suppose 23*z - 60 = 19*z. Calculate the remainder when 39 is divided by z.
9
Suppose -5*r + 0*r + 70 = 0. What is the remainder when 40 is divided by r?
12
Calculate the remainder when (18 - 14)/((-2)/(-82)) is divided by 33.
32
Let r be -2*(-5)/(10/3). Suppose 4*n - 39 = -5*w, r*w + 2*n + n = 24. Suppose 46 - w = b. What is the remainder when b is divided by 20?
19
Calculate the remainder when 7997/99 - 4/(-18) is divided by 28.
25
Let t = -6 + -12. Let h = -16 - t. What is the remainder when 6 is divided by h?
0
Suppose 2*n = 7*n - 115. Calculate the remainder when 91 is divided by n.
22
Let c(t) be the third derivative of 1/15*t**5 + 2*t**2 + 0*t + 0*t**4 + 1/3*t**3 + 0. Calculate the remainder when 35 is divided by c(-2).
17
Suppose 0 = -6*u - 3*u + 126. Calculate the remainder when 39 is divided by u.
11
Suppose 0*h = v + 4*h - 67, -4*v + 4*h = -308. What is the remainder when v is divided by 39?
36
Let a = 16 - 11. Suppose -i + 0*i + 4*n + 9 = 0, -3 = -4*i + a*n. Calculate the remainder when 12 - i*(-2)/6 is divided by 4.
3
Let z = 24 + -12. Let t be 0/((-1 + 2)*-2). Suppose -5*k + 5*h = -3*k - 85, 3*k + 2*h - 99 = t. What is the remainder when k is divided by z?
11
Let g(q) = 5*q - 2. Let y be 1 - (-3)/((-3)/(-16)). Suppose -34 = -3*r + y. What is the remainder when g(7) is divided by r?
16
Suppose i - 6*i - 5*h = 20, 2*i = -5*h - 11. Let m(b) = 4*b**2 - b + 1. Let p(r) = -r**2 - 9*r + 24. What is the remainder when m(i) is divided by p(-10)?
12
Let m be (-240)/25 + (-2)/5. Let u = -2 - 24. Let z = m - u. What is the remainder when 30 is divided by z?
14
Let a(z) = -z**3 + 4*z**2 - 2*z - 3. Let y be a(3). Suppose y*o = -o + 31. Calculate the remainder when o is divided by 17.
14
Suppose -4*z + 190 = z. Let d = -10 + z. What is the remainder when d is divided by (-2)/(-6) - (-44)/3?
13
Suppose 5*j - 146 - 550 = -4*k, j - k = 132. Suppose 94 = 2*u - f + 4*f, -3*u = 2*f - j. Suppose u = 4*m - 0*m. What is the remainder when 31 is divided by m?
9
Let l = 30 - -2. Calculate the remainder when l is divided by 12.
8
Let i be (2 - 0) + -8 + -1. Let b = 13 + i. Calculate the remainder when 10 is divided by b.
4
Let o(c) = c + 3. Let b = -7 + 15. Let d be o(b). Let y(s) = -s**3 + 12*s**2 - 9*s - 4. Calculate the remainder when y(d) is divided by 5.
3
Let o(q) = -7*q + 2. Let l = -53 + 82. What is the remainder when l is divided by o(-2)?
13
Suppose -g - 2 + 12 = 0. Let j(u) = 3 + g*u + 3*u**2 - 4 - 4*u**2. Calculate the remainder when j(7) is divided by 11.
9
Let t = 11 + -2. Calculate the remainder when 1*45/((-15)/(-5)) is divided by t.
6
Suppose -5*g + 26 + 44 = 0. What is the remainder when 27 is divided by g?
13
Let g = 101 - 31. Calculate the remainder when g is divided by 24.
22
Let p be ((-24)/(-21))/(-4)*-7. Suppose -p*g = 3 - 21. Calculate the remainder when 26 is divided by g.
8
Let i = 3 + 1. What is the remainder when 7 is divided by i?
3
Let h be 1/5 + (-54)/(-5). Let w(p) = p + 9. Calculate the remainder when 58 is divided by w(h).
18
Let z(f) = -f**3 - 2*f**2 - 7*f - 6. Suppose 2*a = 3*n + 22, -6*a - 5*n = -2*a - 66. Calculate the remainder when z(-4) is divided by a.
12
Suppose -2*r = -3*s + 3, s = 5*s - 20. Let t = 9 - r. Let k = -4 - -6. What is the remainder when t is divided by k?
1
Let i(q) = q**3 - 8*q**2 + 4*q + 3. Let f be (-231)/(-28) + 1/(-4). What is the remainder when i(f) is divided by 12?
11
Calculate the remainder when 48 is divided by (-4)/(-26) - (-969)/39.
23
What is the remainder when 81 is divided by -5 + 6 + (0 - 1) + 18?
9
Suppose 0*b = 5*b + 25. Suppose 3*u - u - 40 = 0. What is the remainder when u is divided by (-2)/(-5) - 53/b?
9
Suppose 1414 + 1391 = 17*s. What is the remainder when s is divided by 24?
21
Suppose -w - 21 = 3*a + 18, -a - 3*w - 21 = 0. Calculate the remainder when 16/6*(-90)/a is divided by ((-11)/(-2))/((-1)/(-2)).
9
Suppose j + 5*c - 82 = 0, 0*c = 3*j - 3*c - 156. Calculate the remainder when j is divided by 20.
17
Suppose 6*w = 2*w. Suppose 9*o - 125 = 4*o + 5*h, w = -3*o + h + 73. Calculate the remainder when o is divided by 9.
6
Let o = 15 + -25. Suppose 0 = 5*a + 4*s + 40, 0 = 5*a - a + s + 21. Calculate the remainder when o*3*2/a is divided by 8.
7
Let l = 0 - 0. Suppose -4*v = s - 49, l*s - 15 = -3*s. Suppose 4*x - 6*x = -8, 5*w - 16 = x. Calculate the remainder when v is divided by w.
3
Suppose 3*q - 67 - 14 = 0. Calculate the remainder when q is divided by 7.
6
Let i = -184 - -197. What is the remainder when 148/3 + 2/3 is divided by i?
11
Let z(u) = u**2 + 8*u + 5. Suppose 0*c = -c + 17. Calculate the remainder when c is divided by z(-8).
2
Suppose -k = -20 - 14. What is the remainder when 91 is divided by k?
23
Let g(d) = d**3 - 6*d**2 + 4*d + 7. Calculate the remainder when 3 is divided by g(5).
1
Let a = 52 + 4. What is the remainder when a is divided by -1*38/(0 - 2)?
18
Suppose 5*l - 3*t = 23, l + 3*t = 3*l - 2. Suppose -85 = -l*w + 2*w. What is the remainder when 49 is divided by w?
15
Let b(q) be the second derivative of -11*q**3/3 + q**2/2 + 2*q. What is the remainder when b(-1) is divided by 12?
11
Let a(h) = h**3 + 3*h**2 - h + 3. Let o be a(-3). Calculate the remainder when (4/o)/((-10)/(-255)) is divided by 9.
8
Let a(o) = 10*o - 1. Let h be a(-5). Let i = -78 - h. Let v = -10 - i. What is the remainder when 50 is divided by v?
16
Suppose 2*l + 11 = 3*k, 4*k + 2*l = -l - 8. Let n = -13 - -16. Calculate the remainder when k/(-2) + 34/4 is divided by n.
2
Calculate the remainder when ((-155)/20)/(2/(-8)) is divided by 9.
4
Suppose -2*y + 4*o = -42, -o + 4*o = -3*y + 45. What is the remainder when y is divided by 3?
2
Let t be ((-9)/(-12))/((-2)/80). Let k = t + 48. What is the remainder when 35 is divided by k?
17
Suppose -4*p + 25 = p. Suppose p*o - 57 = s, -3*s = 3*o + s - 48. What is the remainder when 22 is divided by o?
10
Let l(y) = y + 4